 by 46865?
87
Calculate the remainder when 1846403 is divided by 615408.
179
What is the remainder when 451910 is divided by 65?
30
Calculate the remainder when 20611014 is divided by 262.
260
What is the remainder when 6188603 is divided by 1940?
3
What is the remainder when 502231 is divided by 2095?
1526
Calculate the remainder when 305722 is divided by 281.
275
Calculate the remainder when 2280414 is divided by 302.
12
Calculate the remainder when 834391 is divided by 64159.
324
Calculate the remainder when 966719 is divided by 608.
607
Calculate the remainder when 15607786 is divided by 107.
17
Calculate the remainder when 372206 is divided by 41342.
128
Calculate the remainder when 4691079 is divided by 28.
15
Calculate the remainder when 13122965 is divided by 67297.
50
What is the remainder when 36896389 is divided by 1800?
1789
What is the remainder when 843717 is divided by 1097?
124
Calculate the remainder when 60356823 is divided by 34.
23
What is the remainder when 68370 is divided by 68287?
83
Calculate the remainder when 371610 is divided by 166.
102
What is the remainder when 13828 is divided by 582?
442
What is the remainder when 44227313 is divided by 5528413?
9
Calculate the remainder when 1054422 is divided by 210881.
17
Calculate the remainder when 55309357 is divided by 545.
32
Calculate the remainder when 15341733 is divided by 74.
53
What is the remainder when 3583399 is divided by 1150?
1149
What is the remainder when 24749799 is divided by 135?
114
What is the remainder when 1497421 is divided by 1727?
112
What is the remainder when 809854 is divided by 438?
430
Calculate the remainder when 104145 is divided by 1052.
1049
Calculate the remainder when 669282 is divided by 223062.
96
What is the remainder when 12918204 is divided by 322955?
4
What is the remainder when 2491905 is divided by 1246?
1151
What is the remainder when 101920842 is divided by 50960417?
8
What is the remainder when 2397546 is divided by 7266?
7032
What is the remainder when 29775679 is divided by 1375?
54
Calculate the remainder when 6731634 is divided by 2168.
2162
What is the remainder when 1552216 is divided by 476?
456
What is the remainder when 46812391 is divided by 116?
11
Calculate the remainder when 395378680 is divided by 131792886.
22
What is the remainder when 4532826 is divided by 16483?
1
What is the remainder when 256735 is divided by 14?
3
Calculate the remainder when 19945477 is divided by 3989094.
7
Calculate the remainder when 3164613 is divided by 1288.
1285
Calculate the remainder when 73169 is divided by 5430.
2579
What is the remainder when 8321743 is divided by 923?
898
What is the remainder when 93694 is divided by 31009?
667
Calculate the remainder when 327603 is divided by 1904.
115
What is the remainder when 11470990 is divided by 12?
10
What is the remainder when 8742266 is divided by 14?
8
What is the remainder when 405675453 is divided by 202837724?
5
Calculate the remainder when 105490 is divided by 1723.
387
What is the remainder when 24731 is divided by 393?
365
What is the remainder when 995888 is divided by 26206?
60
What is the remainder when 6382464 is divided by 93?
60
Calculate the remainder when 1654112 is divided by 228.
200
What is the remainder when 28145717 is divided by 6?
5
What is the remainder when 1286264 is divided by 64313?
4
Calculate the remainder when 2631125 is divided by 1315026.
1073
What is the remainder when 31864 is divided by 3544?
3512
What is the remainder when 19134091 is divided by 797248?
139
What is the remainder when 16711 is divided by 973?
170
Calculate the remainder when 1457349 is divided by 1722.
537
Calculate the remainder when 580544 is divided by 900.
44
Calculate the remainder when 1378431 is divided by 114.
57
What is the remainder when 98711 is divided by 19620?
611
Calculate the remainder when 65395 is divided by 2701.
571
What is the remainder when 1589460 is divided by 79471?
40
What is the remainder when 1308723 is divided by 110?
53
What is the remainder when 2708633 is divided by 38?
31
What is the remainder when 39410 is divided by 672?
434
What is the remainder when 461995 is divided by 230989?
17
Calculate the remainder when 126645 is divided by 257.
201
Calculate the remainder when 6138290 is divided by 3069126.
38
What is the remainder when 2172325 is divided by 1759?
1719
Calculate the remainder when 255180 is divided by 127271.
638
What is the remainder when 83582 is divided by 1715?
1262
Calculate the remainder when 2542776 is divided by 1448.
88
What is the remainder when 10278 is divided by 4506?
1266
What is the remainder when 100527127 is divided by 66?
19
Calculate the remainder when 8707927 is divided by 77.
74
What is the remainder when 3328550 is divided by 14728?
22
What is the remainder when 35756 is divided by 32940?
2816
Calculate the remainder when 109821546 is divided by 1073.
1069
Calculate the remainder when 331589 is divided by 173.
121
Calculate the remainder when 819271 is divided by 2232.
127
What is the remainder when 1238302 is divided by 206380?
22
What is the remainder when 38179 is divided by 12681?
136
Calculate the remainder when 36266192 is divided by 2789706.
14
What is the remainder when 310759 is divided by 34?
33
Calculate the remainder when 536024 is divided by 639.
542
What is the remainder when 4699258 is divided by 1147?
1146
Calculate the remainder when 18916191 is divided by 1134.
1071
What is the remainder when 61032467 is divided by 2580?
2567
Calculate the remainder when 208889 is divided by 5962.
219
What is the remainder when 15384896 is divided by 17?
15
Calculate the remainder when 45327 is divided by 21560.
2207
Calculate the remainder when 85167 is divided by 12153.
96
What is the remainder when 900561 is divided by 5003?
21
What is the remainder when 329134 is divided by 2309?
1256
Calculate the remainder when 479751 is divided by 3382.
2889
What is the remainder when 214554 is divided by 11887?
588
What is the remainder when 303166 is divided by 75323?
1874
What is the remainder when 477497 is divided by 656?
585
What is the remainder when 63020 is divided by 12176?
2140
Calculate the remainder when 1475220 is divided by 184399.
28
Calculate the remainder when 291034 is divided by 710.
644
Calculate the remainder when 1026021 is divided by 3353.
3
What is the remainder when 15517723 is divided by 15?
13
What is the remainder when 2699229 is divided by 4485?
3744
What is the remainder when 93971 is divided by 31063?
782
What is the remainder when 1316976 is divided by 438984?
24
Calculate the remainder when 1028449 is divided by 5222.
4937
Calculate the remainder when 113793886 is divided by 247.
245
Calculate the remainder when 145758550 is divided by 1058.
6
Calculate the remainder when 282259 is divided by 77.
54
What is the remainder when 135795006 is divided by 36563?
24
What is the remainder when 8720239 is divided by 38?
37
What is the remainder when 37628 is divided by 9132?
1100
Calculate the remainder when 148550 is divided by 4784.
246
What is the remainder when 18596972 is divided by 6198985?
17
Calculate the remainder when 78267 is divided by 25800.
867
Calculate the remainder when 46064 is divided by 1642.
88
Calculate the remainder when 1763184 is divided by 1634.
98
Calculate the remainder when 56995 is divided by 5262.
4375
Calculate the remainder when 369429370 is divided by 468.
466
Calculate the remainder when 33475723 is divided by 189.
43
Calculate the remainder when 930978 is divided by 870.
78
Calculate the remainder when 34197035 is divided by 95.
75
What is the remainder when 1064860 is divided by 265847?
1472
What is the remainder when 554319 is divided by 183637?
3408
Calculate the remainder when 2289715 is divided by 64.
51
Calculate the remainder when 5330324 is divided by 49.
6
Calculate the remainder when 1384358 is divided by 19.
18
Calculate the remainder when 5001067 is divided by 22525.
517
What is the remainder when 17919 is divided by 4037?
1771
Calculate the remainder when 37200 is divided by 37135.
65
Calculate the remainder when 309784924 is divided by 3059.
3053
What is the remainder when 1796878 is divided by 24?
22
Calculate the remainder when 398701446 is d